t common factor of 10 and l.
5
Suppose -6*y + 2*y = -280. Let d(v) = -v**3 - v**2 + 4*v + 4. Let g be d(-3). Calculate the highest common factor of g and y.
10
Suppose -3*j - 6 = 0, 4*d + 2 = -4*j + 22. What is the greatest common factor of d and 21?
7
Suppose -n + 51 = 2*n. What is the highest common divisor of 17 and n?
17
Suppose 5*d - 57 = 23. Calculate the greatest common factor of 8 and d.
8
Suppose -c = 3*s - 213, -3*s + 1165 = 5*c + 124. What is the greatest common divisor of c and 23?
23
Suppose -2*q = q - 57. What is the highest common divisor of q and 76?
19
Suppose -24 - 4 = -4*q. Let s(r) = -r**2 + r + 21. Let v be s(0). Calculate the greatest common factor of q and v.
7
Let n be 90*(3/(-15)*8 + 2). What is the highest common factor of n and 12?
12
Suppose 0 = -4*i + i + 27. Let t = -2 - -4. Let w = 3 - t. Calculate the highest common divisor of w and i.
1
Let y(f) = 22*f. Let o = -5 - -6. Let r be y(o). What is the greatest common factor of 33 and r?
11
Suppose -3*b = 4*l - 48, 2*b - 17 - 15 = 4*l. What is the greatest common factor of 4 and b?
4
Let g(l) = l**3 + 8*l**2 + 6*l - 6. Let t be g(-6). Calculate the highest common divisor of t and 45.
15
Let z(o) = o + 7. Let m be z(-5). Suppose 4*t + 0*u = -m*u + 610, 309 = 2*t - 3*u. Calculate the greatest common divisor of 17 and t.
17
Let g = -56 + 70. Calculate the highest common divisor of 126 and g.
14
Suppose 2*k = -k - o, 5*o = -3*k. Let m be (-2)/8 - (-9)/4. Let u be m*-6*(k + -1). Calculate the greatest common factor of 60 and u.
12
Suppose 2*a + 4*l - 54 = 0, -a + l = -4*l - 41. Calculate the greatest common factor of 62 and a.
31
Let m = -13 + 5. Let r(v) = v**3 + 8*v**2 + v + 10. Let l be r(m). Let f be 26/6 - 3/9. Calculate the highest common factor of l and f.
2
Suppose 2*b - 5*b = 9. Let x be (-1)/((b - -2)/(-2)). Let m be 33/12 - x/8. Calculate the greatest common divisor of 21 and m.
3
Let r be 8 + 0/1 + 2. Suppose -5*i + 2*x + 40 = 0, 4*x - 2*x + r = 0. Calculate the greatest common divisor of i and 6.
6
Suppose d + 3*d - 55 = 3*x, d + 3*x + 5 = 0. Suppose 6*z - 65 = 115. Calculate the highest common divisor of z and d.
10
Suppose 6*i = 3*i - 15, -5*m + 5*i = -40. Suppose 12 + 24 = m*l. Suppose -2 = 2*x, 30*u - 5*x = 29*u + 11. Calculate the highest common divisor of l and u.
6
Let u = -2 - -4. Suppose 3*c = 4*c - 2. Calculate the greatest common factor of c and u.
2
Suppose -5*z + 378 = -2*z. Suppose -5*w = -606 + z. Suppose -2*t = t + f - 36, 3*t + 4*f - 36 = 0. Calculate the greatest common factor of w and t.
12
Let w = 4 + -1. Let q = w + 4. What is the highest common factor of q and 28?
7
Suppose 2*t - 6*q + 5*q - 5 = 0, -5*t - q + 16 = 0. Suppose 2*h + 0*r - 45 = -t*r, 0 = -2*h - 5*r + 51. Calculate the greatest common factor of h and 6.
6
Let n(p) = p + 39. Let q be n(0). Suppose 0*r - r = -3. Suppose -6 = -2*o + 5*f, 0*f + r*f = o - 1. Calculate the highest common factor of o and q.
13
Let s = 7 - 5. Let p be 0/(1*s/1). Let a(t) = t**3 - t**2 + 13. Let j be a(p). What is the highest common divisor of 91 and j?
13
Suppose -6*s + 3*s = -45. What is the highest common factor of s and 15?
15
Suppose -2*u + 4 = -3*u, 0 = 3*f - 5*u - 32. Suppose -1 = -5*o + 19. What is the greatest common factor of o and f?
4
Suppose 2*q + 3*t = 4*t - 1, -q + 4*t - 4 = 0. Suppose 4*w - w - 39 = q. Let v(s) = 104*s**2. Let c be v(1). What is the greatest common divisor of w and c?
13
Let m = 188 - -32. Let y(r) = r + 12. Let a be y(-10). Suppose 2*w = -a*w + 80. What is the highest common divisor of w and m?
20
Let s = 111 + -23. Let v(l) = 7*l - 6. Let x be v(4). What is the highest common divisor of x and s?
22
Let q be (-55)/(-22)*(-1 + 25). Let a = q + -30. Let l be -1*(0 + -11) - 1. Calculate the greatest common divisor of a and l.
10
Let d(n) = 17*n**3 + n**2. Let o be d(1). Calculate the highest common divisor of 144 and o.
18
Let w be (0 - (-1)/1)*1. Let m(x) = 9*x - w - 21*x - 2. Let l be m(-4). What is the greatest common divisor of l and 15?
15
Let o(y) = y + 9. Let k be o(-7). Let j(b) = -k*b**2 + 0*b - b - 1 - 46*b**3 - 2*b + b. Let c be j(-1). Calculate the highest common divisor of c and 15.
15
Suppose -6 + 3 = -p. What is the highest common divisor of p and 9?
3
Suppose -7*c = -5*c. Suppose c = -3*s - s + 12. Calculate the highest common divisor of 9 and s.
3
Let o be 510/15 - (-4)/(-2). Calculate the greatest common factor of 160 and o.
32
Let u be (18/(-15))/(3/(-10)). What is the highest common factor of 4 and u?
4
Suppose -1 + 276 = 5*m. What is the greatest common factor of m and 22?
11
Let n(k) = -k**3 + 5*k**2 + 7*k. Let x be (3/3)/(2/18). Let o be x - (5 - 6/3). Let v be n(o). Calculate the highest common factor of v and 15.
3
Let j(t) = -3*t - 8. Let a be j(-10). Suppose 5*z - 6 = 4. What is the greatest common divisor of z and a?
2
Let n be 3*(-3 - 20/(-6)). Suppose -2 = z - 7. Let g = n + z. What is the greatest common divisor of 15 and g?
3
Suppose -k = -3*d + 432, 5*d + 3*k = 4*d + 134. What is the highest common factor of d and 13?
13
Suppose 5*m + 199 = -1441. Let l = 471 + m. Suppose 2*u - l = u. What is the greatest common factor of u and 13?
13
Suppose 0 = 5*v - 53 - 122. What is the greatest common factor of v and 35?
35
Suppose 11 - 3 = 2*q. Let o = 5 - q. Let c be 1 - (2 + -5*o). Calculate the greatest common factor of 32 and c.
4
Let y(t) = -18*t**2 - 1. Let n be y(1). Let g = n - -37. Let o = 226 - 100. Calculate the greatest common divisor of g and o.
18
Suppose 5*s - 200 = -60. Calculate the greatest common factor of 224 and s.
28
Suppose 5 - 33 = -4*x. Let c be ((-70)/(-8))/((-2)/(-8)). What is the highest common factor of x and c?
7
Let f = 27 + 73. Calculate the greatest common divisor of 40 and f.
20
Suppose f + 4*g - 18 = 0, 3*g = -2*g - 20. Let b(p) = 18*p**2 + 2*p + 1. Let l be b(-1). What is the greatest common divisor of f and l?
17
Suppose 0 = 3*j + 19 - 73. Let i = j - 11. Suppose -2*t + 11 + i = 0. What is the highest common divisor of t and 9?
9
Suppose -o - 251 = -4*r + 2*r, 4*r + 3*o = 507. What is the highest common divisor of 18 and r?
18
Let o(t) = -t**2 + 9*t - 5. Let w be o(5). Let b(g) = -4*g + 5. Let x be b(-4). Let h = x - w. What is the greatest common divisor of 42 and h?
6
Suppose 42 = 2*g - 3*z - 36, -5*g + 178 = z. Calculate the highest common factor of 12 and g.
12
Let r = -159 + 227. Let b = -43 + r. Suppose 38 = u - b. What is the greatest common factor of 7 and u?
7
Suppose 5*v - 3*x + 1 = -4, -4*v + 3*x - 4 = 0. Let b be -2 - (4 + v + -166). What is the greatest common factor of 23 and b?
23
Suppose 2*m - 5*q - 14 = 0, -3*q - 4 = -m + 4. Let b be (-15)/6 + (-1)/m. Let v be (-15)/b*(-24)/(-15). What is the greatest common divisor of v and 2?
2
Let l = 2 + 1. Let f(p) = -p**3 + 6*p**2 - 3*p. Let z be f(l). Let d be 7*1*30/35. Calculate the greatest common factor of d and z.
6
Let v(u) = 4*u**3 + 2*u**2 - u + 1. Let i = -5 + 7. Let o be v(i). Calculate the greatest common factor of o and 26.
13
Let r(w) = -30*w**3 + w**2 - w - 2. Let j be r(-1). Calculate the greatest common factor of j and 50.
10
Let d(i) = -i + 220. Let w be d(0). Let u = -282 - -302. What is the highest common factor of u and w?
20
Let x be 2 + (4 - (3 - 1)). Suppose u + 0*s - s - 108 = 0, -x*u + 5*s = -432. Calculate the highest common factor of u and 12.
12
Let d be 6/(-39) - (-2734)/26. Suppose 35 = 5*z - d. Let f(x) = x - 2. Let l be f(6). What is the greatest common factor of l and z?
4
Let v = -37 - 15. Let g be -2*v/8*2. What is the highest common divisor of 78 and g?
26
Let i(v) = 0*v**2 + 1 - 5*v + 4 - 4 - v**2. Let b be i(-4). Calculate the greatest common factor of b and 40.
5
Let n = 145 - 79. Let t = 1 + 5. Calculate the greatest common factor of t and n.
6
Let b be (2/2)/(10/320). Suppose 0 = 5*f + 3*v - 11, f - 4*v - 16 = -0*v. What is the highest common factor of b and f?
4
Let g = 38 + -26. Suppose -3*r + 28 = -2*r - 2*u, -u - 74 = -3*r. What is the highest common factor of r and g?
12
Suppose 0 = -y - 96 + 285. Let x = y + -125. What is the greatest common factor of x and 8?
8
Let d(r) = r**3 + 4*r**2 + r + 5. Let t(l) = l. Let q be (20/5)/((-1)/1). Let j be t(q). Let o be d(j). What is the greatest common divisor of o